{"id":5,"date":"2017-03-17T18:50:04","date_gmt":"2017-03-17T17:50:04","guid":{"rendered":"http:\/\/www.drth.at\/?page_id=5"},"modified":"2026-03-13T08:28:59","modified_gmt":"2026-03-13T07:28:59","slug":"aktuelles-news","status":"publish","type":"page","link":"https:\/\/drth.at\/?page_id=5","title":{"rendered":"Aktuelles \/ News"},"content":{"rendered":"<h3>Urlaubsplan<\/h3>\n<p style=\"text-align: center;\">Die Ordination ist aufgrund von Urlaub<\/p>\n<p style=\"text-align: center;\">von 30. M\u00e4rz bis 3. April 2026<\/p>\n<p style=\"text-align: center;\">geschlossen.<\/p>\n<h3>Vertretung<\/h3>\n<p>30. M\u00e4rz bis 3. April 2026<br \/>\n<em><strong class=\"text-color-dr-hecht-blau\">Dr. Johanna Gruther<\/strong><br \/>\nStuwerstra\u00dfe 38<br \/>\n1020 Wien<br \/>\nTel.: 0650 \/ 205 29 90<\/em><\/p>\n","protected":false},"excerpt":{"rendered":"<p>Urlaubsplan Die Ordination ist aufgrund von Urlaub von 30. M\u00e4rz bis 3. April 2026 geschlossen. Vertretung 30. M\u00e4rz bis 3. April 2026 Dr. Johanna Gruther Stuwerstra\u00dfe 38 1020 Wien Tel.: 0650 \/ 205 29 90<\/p>\n","protected":false},"author":1,"featured_media":0,"parent":0,"menu_order":0,"comment_status":"closed","ping_status":"closed","template":"","meta":{"footnotes":""},"class_list":["post-5","page","type-page","status-publish","hentry"],"_links":{"self":[{"href":"https:\/\/drth.at\/index.php?rest_route=\/wp\/v2\/pages\/5","targetHints":{"allow":["GET"]}}],"collection":[{"href":"https:\/\/drth.at\/index.php?rest_route=\/wp\/v2\/pages"}],"about":[{"href":"https:\/\/drth.at\/index.php?rest_route=\/wp\/v2\/types\/page"}],"author":[{"embeddable":true,"href":"https:\/\/drth.at\/index.php?rest_route=\/wp\/v2\/users\/1"}],"replies":[{"embeddable":true,"href":"https:\/\/drth.at\/index.php?rest_route=%2Fwp%2Fv2%2Fcomments&post=5"}],"version-history":[{"count":19,"href":"https:\/\/drth.at\/index.php?rest_route=\/wp\/v2\/pages\/5\/revisions"}],"predecessor-version":[{"id":128,"href":"https:\/\/drth.at\/index.php?rest_route=\/wp\/v2\/pages\/5\/revisions\/128"}],"wp:attachment":[{"href":"https:\/\/drth.at\/index.php?rest_route=%2Fwp%2Fv2%2Fmedia&parent=5"}],"curies":[{"name":"wp","href":"https:\/\/api.w.org\/{rel}","templated":true}]}}